12012
In base 9, what is -13141 - -5?
-13135
In base 12, what is 66 + -390?
-326
In base 7, what is -2 - 23426?
-23431
In base 9, what is 16044 + -2?
16042
In base 8, what is -1450716 + 3?
-1450713
In base 13, what is 1 - 5054?
-5053
In base 11, what is 1a + -2291?
-2272
In base 11, what is 178620 - -5?
178625
In base 9, what is -2 - 215322?
-215324
In base 9, what is -247 - 174?
-432
In base 8, what is -6364 + 52?
-6312
In base 13, what is 63 + -a73?
-a10
In base 13, what is -9 + -25330?
-25339
In base 3, what is 1201122 + -1212?
1122210
In base 15, what is -4da - 8?
-4e3
In base 14, what is 19 - 7a?
-61
In base 4, what is -111 + 1222230?
1222113
In base 10, what is 5 + 4674?
4679
In base 11, what is -2 + -27810?
-27812
In base 3, what is 122 - -100222111?
101000010
In base 2, what is -100 + -101011010000101?
-101011010001001
In base 15, what is -48c6 - 8?
-48ce
In base 15, what is -12b8 + -c?
-12c5
In base 2, what is -10 + -10011110001010001?
-10011110001010011
In base 6, what is 5 + -25250?
-25241
In base 10, what is -289 + -895?
-1184
In base 12, what is -31831 - 22?
-31853
In base 11, what is 4 - -8795?
8799
In base 16, what is -1 - 388?
-389
In base 6, what is -4 - 52115?
-52123
In base 15, what is 5 - 1268be?
-1268b9
In base 16, what is -159ca5 + 3?
-159ca2
In base 6, what is 152251 + 2?
152253
In base 6, what is -414 - 33333?
-34151
In base 2, what is -10010101110 - 101101010101?
-1000000000011
In base 4, what is -203013 + 22110?
-120303
In base 12, what is -b187 + -4?
-b18b
In base 15, what is 64a + 14?
65e
In base 13, what is -1 - -b8a4?
b8a3
In base 10, what is -31232 - 0?
-31232
In base 6, what is -5 + 200535?
200530
In base 14, what is -2 + c15?
c13
In base 14, what is 2430 - 0?
2430
In base 15, what is -289cc + 4?
-289c8
In base 13, what is 114377 + -3?
114374
In base 9, what is -1 + 112380?
112378
In base 6, what is -5140153 + 5?
-5140144
In base 16, what is 1 - 2256?
-2255
In base 15, what is 4 - bd2a7?
-bd2a3
In base 2, what is -100 - 111010010001100000?
-111010010001100100
In base 3, what is -10000011 + 111?
-2222200
In base 12, what is 5813 + 1?
5814
In base 15, what is 195 + -327?
-182
In base 2, what is 111000101 + -1110001?
101010100
In base 6, what is -22 + 312024?
312002
In base 7, what is 42625 + 3?
42631
In base 10, what is -37 - 62656?
-62693
In base 6, what is 125421 + 10?
125431
In base 10, what is 5 + -563?
-558
In base 4, what is -1302030 + -23?
-1302113
In base 3, what is -10200222000 + -11?
-10200222011
In base 9, what is 2006 - 237?
1658
In base 8, what is -5 - 25103?
-25110
In base 16, what is -83 + -65e?
-6e1
In base 4, what is -2220 + 133?
-2021
In base 13, what is -770 - 3c?
-7ac
In base 6, what is -401 - -1333?
532
In base 2, what is -10100101 - 111010011011101?
-111010110000010
In base 6, what is 3 - 22312100?
-22312053
In base 10, what is -1 + 38995?
38994
In base 9, what is -1003 - -702?
-201
In base 9, what is 12503 + -6?
12486
In base 6, what is 11013443 - 2?
11013441
In base 5, what is 0 + 202330?
202330
In base 4, what is -3 - -13123031?
13123022
In base 11, what is 1 - -325490?
325491
In base 14, what is -5b1b - 4?
-5b21
In base 11, what is -7 - 34a0?
-34a7
In base 4, what is -101 - -102013?
101312
In base 16, what is -c2d0 - 3?
-c2d3
In base 10, what is -126 - 577?
-703
In base 6, what is 55545 + 0?
55545
In base 7, what is 3 + -5551465?
-5551462
In base 6, what is -3 - -123302?
123255
In base 14, what is 2 - 270c0?
-270bc
In base 12, what is -1 + -1b0241?
-1b0242
In base 9, what is 10621 - 3?
10617
In base 16, what is 4 + 326f1?
326f5
In base 12, what is 11 + -4539?
-4528
In base 7, what is 30 + 250340?
250400
In base 12, what is b32 + -282?
870
In base 11, what is 9 + -aa12?
-aa04
In base 13, what is -137c8 + 7?
-137c1
In base 11, what is 36992 - 1?
36991
In base 13, what is -22c0 + 6?
-22b7
In base 2, what is 11 + 1001000010001110?
1001000010010001
In base 4, what is 10202 - -12210?
23012
In base 14, what is -2 + 2d18?
2d16
In base 14, what is -71b - -1c2?
-539
In base 10, what is 2741277 + -3?
2741274
In base 16, what is -3d + cb9?
c7c
In base 14, what is 5d62c5 - 1?
5d62c4
In base 11, what is -235 - 1507?
-1741
In base 15, what is -ca3d + 3?
-ca3a
In base 14, what is -9db49 + 3?
-9db46
In base 2, what is 10000110011000 - -110110?
10000111001110
In base 2, what is -1111101010 - -10010?
-1111011000
In base 12, what is -2b + 3165?
3136
In base 6, what is -3310 + -214?
-3524
In base 6, what is 21054230 - -2?
21054232
In base 7, what is 32 - 13661?
-13626
In base 12, what is 124 + -43b?
-317
In base 9, what is -1447565 + 1?
-1447564
In base 3, what is -11210210 + -110?
-11211020
In base 3, what is -21 - -111120000?
111112202
In base 15, what is 5 + 2a04b?
2a051
In base 9, what is -5545 + 543?
-5002
In base 4, what is 33001301 + 2?
33001303
In base 10, what is -643 + 2053?
1410
In base 4, what is -221 + -23202?
-30023
In base 6, what is -11222 - 31?
-11253
In base 14, what is 101b5 - -41?
10216
In base 8, what is -115732 - 4?
-115736
In base 16, what is 4be2b - -7?
4be32
In base 4, what is -1020003 + -303?
-1020312
In base 11, what is 41a5 - -17?
4211
In base 12, what is -29082 + 3?
-2907b
In base 4, what is 1013 - -2330020?
2331033
In base 3, what is 11100102020 - 10?
11100102010
In base 11, what is 3 + -28a1?
-2899
In base 10, what is 4374 - -2?
4376
In base 13, what is -6 + 130c5?
130bc
In base 16, what is abd + e?
acb
In base 10, what is 171 + -20?
151
In base 11, what is 1 + -1a684?
-1a683
In base 5, what is 22 - 130300?
-130223
In base 5, what is 22004144 - 1?
22004143
In base 3, what is 2020 - -102000?
111020
In base 4, what is -2103013 - 10?
-2103023
In base 10, what is -5 + 241713?
241708
In base 16, what is 5b9b9 - 4?
5b9b5
In base 8, what is 5 - -72624?
72631
In base 8, what is 5005 + 2?
5007
In base 4, what is 103221303313 + -1?
103221303312
In base 14, what is 21c05 + a?
21c11
In base 5, what is -2112140 + -113?
-2112303
In base 7, what is 303160 - 3?
303154
In base 14, what is 267 + -18d5?
-166c
In base 3, what is -211121 - -200111?
-11010
In base 9, what is 8372 + -44?
8327
In base 4, what is 33230 + 1323?
101213
In base 13, what is 1bc1 - 10?
1bb1
In base 8, what is 16575 + 70?
16665
In base 16, what is -11c418 + 1?
-11c417
In base 7, what is 5330 - -4?
5334
In base 3, what is 12 + -122111122002?
-122111121220
In base 3, what is 2120111011020 - 11?
2120111011002
In base 8, what is 1 - 20770?
-20767
In base 11, what is 13 + 80a?
822
In base 8, what is -36 - -1127?
1071
In base 15, what is 74 - a4?
-30
In base 16, what is -a59 - -14?
-a45
In base 3, what is 2 + 2101010210200?
2101010210202
In base 3, what is 111201 - -1221?
120122
In base 16, what is a - -71c0?
71ca
In base 16, what is -a2580 + 1?
-a257f
In base 5, what is -20 + 2404121?
2404101
In base 6, what is -4040222 + 14?
-4040204
In base 3, what is -2 - 10221021221?
-10221022000
In base 13, what is -277 - 16?
-290
In base 2, what is -100 - 100101110000?
-100101110100
In base 3, what is -2210101002 + -10?
-2210101012
In base 12, what is 4764 - -4?
4768
In base 6, what is -1 + 42151131?
42151130
In base 15, what is -56 - ae?
-115
In base 16, what is -a1 - 3f9?
-49a
In base 7, what is 656541 + 10?
656551
In base 13, what is -3185 - -6?
-317c
In base 4, what is -2313 - 131?
-3110
In base 8, what is -54054 - -2?
-54052
In base 9, what is -3 - 208536?
-208540
In base 4, what is 102220 + -101?
102113
In base 3, what is 20102002001 + -10?
20102001221
In base 14, what is -a969d + -2?
-a96a1
In base 3, what is -102012 + 1220?
-100022
In base 7, what is -54 - -434614?
434530
In base 15, what is -153e - d?
-154c
In base 10, what is 460 - 70?
390
In base 4, what is -301203 - -101?
-301102
In base 11, what is 11 + 2045a?
20470
In base 14, what is -85 - 21?
-a6
In base 7, what is 2 + -314112?
-314110
In base 11, what is -11926 - -2?
-11924
In base 2, what is -10110011 + 111001101?
100011010
In base 2, what is 10010011010000 + 101?
10010011010101
In base 4, what is -10023113 - 0?
-10023113
In base 2, what is -10100101110010 - -101?
-10100101101101
In base 5, what is -20420 + -2?
-20422
In base 12, what is 108 + -44?
84
In base 12, what is 10b2 - a9?
1005
In base 7, what is -104 - -524?
420
In base 13, what is -6a425 - -13?
-6a412
In bas